ighest common factor of 214 and 23637263.
107
Calculate the greatest common divisor of 187808 and 10656.
32
Calculate the highest common factor of 57313221 and 66.
3
What is the highest common divisor of 7889 and 2552287?
23
What is the highest common divisor of 25 and 38998055?
5
Calculate the highest common factor of 1516 and 90656.
4
Calculate the highest common divisor of 101038 and 1058792.
98
What is the greatest common divisor of 578 and 8356?
2
What is the greatest common factor of 320 and 1500256?
32
Calculate the highest common divisor of 63437 and 6516710.
5767
What is the greatest common divisor of 716267 and 7784?
139
Calculate the greatest common divisor of 9051939 and 15096.
1887
Calculate the greatest common factor of 13556020 and 36058.
298
Calculate the greatest common factor of 2790 and 452330.
10
What is the greatest common factor of 1279 and 55115947?
1279
Calculate the greatest common factor of 10340 and 86292.
188
What is the highest common divisor of 5577 and 2023307?
143
What is the highest common divisor of 897736 and 1836?
68
Calculate the highest common factor of 2996 and 2507.
1
What is the greatest common factor of 16770 and 1498743285?
8385
Calculate the greatest common factor of 87280 and 430.
10
Calculate the greatest common divisor of 5240 and 6776761.
131
What is the highest common factor of 410 and 18901615?
205
What is the highest common factor of 173232 and 275184?
432
What is the highest common factor of 2194054 and 60412?
2746
Calculate the highest common divisor of 2107 and 192236359.
2107
Calculate the highest common factor of 2619092795 and 605.
605
Calculate the greatest common factor of 3605 and 61389545.
3605
What is the greatest common divisor of 507 and 1741389?
39
What is the highest common factor of 5 and 150833?
1
Calculate the greatest common divisor of 2287152 and 4932.
36
Calculate the highest common divisor of 1404 and 102544.
52
What is the greatest common divisor of 56 and 43744688?
8
What is the highest common factor of 21441905 and 9325?
1865
Calculate the highest common factor of 613809 and 6461.
7
What is the highest common divisor of 100483851 and 1521?
507
Calculate the highest common divisor of 14366924 and 156.
52
Calculate the greatest common divisor of 4583256 and 4968.
552
What is the greatest common divisor of 1410 and 39399066?
282
Calculate the highest common divisor of 9826 and 277474.
34
Calculate the greatest common divisor of 73094643 and 1215.
243
What is the highest common divisor of 3297165 and 8740?
2185
Calculate the highest common factor of 489 and 364746567.
489
What is the greatest common divisor of 10887 and 11889744?
57
Calculate the highest common factor of 25 and 135193600.
25
What is the highest common factor of 1255 and 31834330?
1255
Calculate the highest common factor of 68970 and 202350.
570
What is the greatest common factor of 33672 and 115782?
138
What is the greatest common factor of 1633137150 and 150?
150
What is the greatest common factor of 201542820 and 2006?
2006
What is the highest common divisor of 1795 and 709059105?
1795
What is the highest common divisor of 14 and 21583310?
14
Calculate the greatest common factor of 82345173 and 12.
3
Calculate the greatest common divisor of 1160082 and 185262.
462
What is the highest common divisor of 164 and 578879?
41
What is the highest common divisor of 77259 and 11531?
13
What is the greatest common factor of 11837 and 10583?
19
Calculate the highest common factor of 297 and 45961641.
297
Calculate the highest common divisor of 41693197 and 1904.
119
Calculate the highest common divisor of 50897166 and 130002.
2766
What is the highest common factor of 1334 and 93815551?
667
What is the greatest common factor of 1600 and 39115100?
100
Calculate the highest common factor of 8862074 and 78.
26
What is the highest common divisor of 1298 and 397542?
118
Calculate the greatest common divisor of 1417860 and 5040.
180
What is the highest common factor of 304239 and 155751?
807
What is the greatest common divisor of 2618 and 643706?
14
Calculate the greatest common factor of 18290807 and 7058.
3529
Calculate the greatest common divisor of 38683450 and 4650.
50
Calculate the greatest common divisor of 36 and 20065887.
9
What is the greatest common factor of 115182756 and 2808?
1404
Calculate the highest common factor of 2581 and 525654203.
2581
Calculate the highest common divisor of 3481456 and 7336.
1048
Calculate the highest common factor of 5639579 and 8514.
473
Calculate the highest common divisor of 894191710 and 5.
5
Calculate the highest common factor of 119 and 55779703.
119
What is the highest common factor of 22440 and 76886172?
2244
What is the highest common factor of 3728976 and 3144?
24
Calculate the highest common factor of 216 and 1524336.
24
Calculate the greatest common factor of 2007160 and 16680.
5560
Calculate the highest common divisor of 18216144 and 2264.
2264
Calculate the greatest common factor of 231 and 4086621.
231
Calculate the greatest common factor of 18368928 and 4896.
288
Calculate the highest common factor of 13247730 and 810.
90
What is the highest common factor of 20604 and 1718292?
204
Calculate the greatest common factor of 16605 and 1592728353.
3321
What is the highest common divisor of 2711988 and 1116?
36
What is the greatest common factor of 2052 and 3715?
1
Calculate the greatest common factor of 38005625 and 490.
245
Calculate the highest common divisor of 1435 and 789537.
287
What is the highest common divisor of 44656 and 66032?
16
What is the greatest common factor of 392656 and 351670?
506
Calculate the greatest common divisor of 6369114 and 24978.
138
What is the highest common factor of 1328200 and 9000?
200
Calculate the highest common factor of 450 and 632754.
18
What is the highest common factor of 2112 and 130936?
8
Calculate the greatest common divisor of 2214 and 9797442.
246
Calculate the greatest common factor of 7638 and 330942.
114
Calculate the highest common divisor of 532635696 and 25596.
8532
Calculate the highest common divisor of 216161 and 33907115.
5027
Calculate the highest common divisor of 42659085 and 15960.
1995
Calculate the greatest common factor of 22341114 and 72.
18
Calculate the greatest common divisor of 17635 and 293195.
5
What is the greatest common factor of 24752 and 43056?
208
What is the greatest common factor of 17819072 and 26468?
2036
Calculate the highest common factor of 315235 and 9104175.
4705
Calculate the highest common factor of 103003 and 1368823.
1241
Calculate the greatest common factor of 102744 and 5373.
9
Calculate the highest common divisor of 773843189 and 21.
7
Calculate the greatest common divisor of 1596883 and 703.
37
What is the greatest common factor of 32 and 184876472?
8
What is the highest common divisor of 280 and 1302520?
40
Calculate the highest common divisor of 52029 and 192741.
123
Calculate the greatest common factor of 37 and 38851.
1
Calculate the highest common divisor of 433213891 and 583.
583
Calculate the highest common divisor of 98237 and 43618.
193
What is the highest common divisor of 42487589 and 692?
173
What is the highest common divisor of 14 and 196521367?
7
Calculate the greatest common divisor of 179290920 and 219.
219
What is the greatest common divisor of 48612586 and 22?
22
Calculate the greatest common factor of 2533 and 1531.
1
Calculate the highest common factor of 4 and 14494240.
4
What is the highest common factor of 2965 and 595045?
5
Calculate the greatest common factor of 83695 and 46693.
881
What is the highest common factor of 923312 and 115?
23
What is the highest common divisor of 87583851 and 27?
9
Calculate the greatest common factor of 164936 and 7391.
389
What is the greatest common divisor of 479346 and 6295569?
2373
What is the greatest common factor of 128809 and 130067?
17
Calculate the highest common divisor of 8126 and 49035869.
239
What is the greatest common divisor of 629 and 1502828186?
629
What is the highest common factor of 65661 and 6428199?
129
What is the highest common divisor of 24951641 and 65?
13
What is the highest common factor of 156375 and 99?
9
Calculate the greatest common divisor of 1564 and 667759.
23
Calculate the highes